ive of p**4/8 - 5*p**3/6 + 3853*p**2. Let n = -1 + 1. Suppose -10 + n = 2*v. Calculate f(v).
-20
Let b = -14 - -16. Let l(q) = -b*q**2 + q**2 + 2*q**2 - 2 + 4. Let j = 1 - 3. Determine l(j).
6
Let d(o) = -o**3 - 5*o**2 + o + 6. Let z be d(-5). Let w(a) be the second derivative of 1/2*a**2 + 0 - 5/3*a**3 + 6*a. Determine w(z).
-9
Let z(l) = l**3 + 6*l**2 + 2*l + 4. Suppose 6 = -4*t + 5*t. Suppose -g = q - t*q + 21, -2*g = 5*q - 3. What is z(g)?
-8
Let g(h) = -h**3 - 4*h**2 + 2*h - 5. Suppose 0 = -3*n + 6, -36*w + 27 = -41*w + n. Give g(w).
10
Let o(i) = 5*i**2 - 2 + 10*i**2 + 3*i + 2*i - i**3 + 13*i. Let j be o(16). Let g be (-10)/4*j/(-25). Let v(s) = s**3 - 4*s**2 + 3*s + 2. Calculate v(g).
2
Let f(q) be the second derivative of q**3/6 + 7*q**2/2 - 2*q. Let z = -152 - -152. Give f(z).
7
Let f(a) be the third derivative of -5*a**4/24 - 25*a**3/6 + 4*a**2 + 24*a. What is f(-8)?
15
Let x(n) = 6*n - 74. Let j be x(9). Let a(w) = 25*w + 1. Let h be a(1). Let v = h + j. Let t(o) = o**3 - 5*o**2 - 6*o + 1. Calculate t(v).
1
Let y = -233 + 235. Let n(t) be the first derivative of t - 5 - 1/2*t**y. Determine n(-4).
5
Let u(a) be the third derivative of 3*a**4/8 + a**3/2 - 11*a**2 - 2*a. Give u(-3).
-24
Suppose -1 = -2*d - 3*w, 2 + 5 = 2*d + w. Let o(q) = -2*q + 2*q**3 + 2 - d + 2. Let j = -1 - -3. Give o(j).
11
Let r(z) be the third derivative of -z**6/120 - z**5/12 - 5*z**4/24 - 5*z**3/6 - z**2 - 117. What is r(-4)?
-1
Let a(y) be the second derivative of y**3/3 + 3*y**2 + 47*y. Let b(s) = -5*s - 12. Let j(c) = -7*a(c) - 3*b(c). Determine j(-10).
-16
Let d(u) = -u**2 - 23*u + 4. Let w be d(-23). Let o(k) = 5*k + 4*k - 11*k + 4*k + w*k**2. Calculate o(-2).
12
Let w(f) = 6*f - 6. Let o(x) = -x + 2. Let p(j) = -2*o(j) - w(j). Calculate p(-5).
22
Let a(x) = 2*x**2 - 14*x + 2. Let t be a(7). Let v(w) = w - 3*w**3 + 0*w**2 - t - 2*w**2 + 2*w**3. What is v(-3)?
4
Let d(j) = 2*j - 5. Suppose 0 = 8*v + 2 - 26. Suppose -v - 25 = -7*l. Determine d(l).
3
Let h = -161 - -154. Let s(w) = 6 + 2*w - 3*w - 16 + 9. Give s(h).
6
Let s be 1/5 - (-198)/10. Let f = s + -24. Let j(p) be the second derivative of -p**5/20 - p**4/3 + p**3/3 - p**2 + p. Calculate j(f).
-10
Let r(g) = 4*g**3 + 10*g**2 + 10*g + 7. Let p(v) = 11*v**3 + 30*v**2 + 30*v + 19. Let a(n) = -3*p(n) + 8*r(n). Calculate a(-9).
8
Suppose 0 = 4*t + 4*n + 8, 4*n + 8 = 4*t - 0*n. Suppose r - 3 - 2 = t. Let b(l) be the first derivative of l**3/3 - 3*l**2 - 4*l - 4. Give b(r).
-9
Let t(x) = -x**2 + 13*x + 264. Let s be t(24). Let g(o) be the second derivative of s - 4/3*o**3 - o**2 - 7*o. Give g(-2).
14
Let y(l) = -3*l**2 - 1. Let k be ((-8)/(-5))/(12/150). Suppose 5*w + 2*q = 99, 121 = 5*w + 3*q + k. Let f = 18 - w. Determine y(f).
-4
Let c(z) = -z**2 + 2*z**2 - 4*z**2 - 4*z**2 + z - z**2. What is c(-2)?
-34
Suppose 2*q = -6 + 18. Let h(c) be the third derivative of 1/4*c**4 + 0 + 1/3*c**3 + 0*c - 5*c**2 + 1/15*c**5 - 1/120*c**q. Calculate h(5).
7
Let y be 10/45 + (-16)/(-9). Let x(w) = 4 - 1 + 7*w**y + w - 3*w - 7*w. Let a(u) = 8*u**2 - 10*u + 3. Let d(i) = 4*a(i) - 5*x(i). Calculate d(3).
-15
Let q(d) = -d**3 + d. Let g be q(-2). Suppose -m - 1 = j, -5*m - 5*j = -g*j - 1. Let p(i) = 4 + m*i**2 - 2*i - i**2 + i**3 + 4*i**2. Give p(-3).
10
Let l be 6/4 + (125/(-10))/(-5). Suppose -l*r + 31 + 9 = 0. Let u(f) = f**2 - 9*f - 6. Calculate u(r).
4
Let v(b) = -b**2 + 3*b + 4. Let g(r) = 2*r**2 - 6*r + 4. Let u be g(0). Determine v(u).
0
Let v(m) = 2*m**2 + 6*m + 3. Let u(h) = -6*h**2 - 5*h - 5. Let f be u(-1). Let p be (-3)/(-24)*f - (-13)/(-4). Determine v(p).
11
Let p(u) = -u**3 - 8*u**2 - 4*u - 8. Suppose 0 = 14*h - 67*h - 371. What is p(h)?
-29
Suppose -4*u - 5*k + 9 = 0, 3*u - 2 = 2*k - 1. Let x(z) = 8*z**3 - z**2 - 4*z - 3. Let o(t) = -t**3 + t + 1. Let q(l) = -4*o(l) - x(l). What is q(u)?
-4
Let v(i) = i**3 + 12*i**2 + 2*i + 14. Let y = -228 - -216. Determine v(y).
-10
Let a(s) be the first derivative of -12 + 1/3*s**3 - s - 3*s**2. Give a(5).
-6
Let b(t) = -t**2 + 5*t + 5. Let h = 12 + -11. Let l = h - -5. Determine b(l).
-1
Let v(s) = -1 - 5*s + 14 - 3 - 3*s**2 + 7*s**2 - 6. Calculate v(2).
10
Let d(t) = -t**3 + 5*t**2 - 3*t - 1. Let g = 16 + 3. Suppose 7 = -2*q - g. Let i = q + 17. Determine d(i).
3
Let a(c) = -2*c + 48. Suppose -67 = -5*g + 5*l + 53, 39 = 2*g + l. What is a(g)?
6
Let g(w) = 2*w**3 - 9*w**2 - 17*w + 60. Let r be g(5). Let v(a) = 2*a**2 + a + 3. What is v(r)?
3
Let t(c) = 6*c**3 + 2*c**2 + 16*c - 10. Let d(y) = -y**3 + y**2 - y + 2. Let g(o) = 5*d(o) + t(o). Determine g(-5).
-5
Let o(x) = x + 1 - 5*x**2 + 0*x + 0*x**2. Let n be (-18 + 17)/(1/17). Let j = n - -16. What is o(j)?
-5
Suppose 2*q + 5*t - 3 = 0, -q - 4*t + 3 = -0*q. Let x(l) = 785*l**2 - 786*l**2 + 1 + l - 13*l**3 + l**3. What is x(q)?
11
Let l be (4 - 143/44)/(2/(-24)). Let r(a) = -a - 18. Give r(l).
-9
Let k(u) = u**2 - 11*u - 7. Let n(q) = -8*q - 42. Let v(i) = -7*i - 43. Let m(f) = 4*n(f) - 5*v(f). Let s be m(-12). Give k(s).
-7
Let x(q) be the first derivative of q**3/3 - 3*q**2/2 + 2*q + 6. Let z(i) = i**3 + 8*i**2. Let v be z(-8). Suppose v*o - 4 = -o. Calculate x(o).
6
Let y(f) = -7 - 55*f**3 + 20*f**2 + f + 54*f**3 - 10*f**2 + 2. Calculate y(10).
5
Suppose -2*u - 3*q - 6 = u, 0 = -u + q + 8. Let b(a) = -a**2 + 3*a + 3. Let j be b(u). Let f(d) = d**2 - 4. Give f(j).
5
Let d(b) be the second derivative of b**5/20 + 13*b**4/12 + b**3/2 + 19*b**2 + 205*b. Give d(-13).
-1
Suppose -h = -3*h - 18. Let s(p) = 7*p + 1. Let x(z) = 4*z - 5. Let w(v) = -v + 1. Let n(q) = 15*w(q) + 3*x(q). Let o(i) = h*n(i) - 4*s(i). Give o(3).
-7
Let d(p) = -p + 5. Suppose -4*c + 27 = -3*o, -5*o = -3*c - 0*o + 34. Let m(i) = -6*i + 1. Let g be m(c). Let l = g + 22. Give d(l).
0
Let t = -13 + 14. Let s be 11 + t*(1 - 0). Suppose 2*p + s = -3*c, 0*p + 2*p = 3*c - 12. Let n(g) = g**2 + 6*g - 6. Determine n(p).
-6
Suppose 2*x - 15 = -3*x, 5*x - 35 = -5*i. Suppose m = -3*h, m + i = 2*h - 7*h. Let n(b) = -b**2 + 6*b + 1. Determine n(m).
1
Let y(r) = -3*r + 1. Suppose 4 = 4*l - 4*v - 28, -5*l + 4*v = -37. Calculate y(l).
-14
Let y(k) = -10*k - 65. Let n(c) = -8*c + 97. Let o be n(13). Calculate y(o).
5
Let u(t) = 36*t**3 + t**2 + t - 1. Let s be (-3)/(-2) + 33/(-66). Calculate u(s).
37
Suppose 2*h = 5*h - 3. Suppose 4*s - 5 + h = 0. Let m be -2*(s + (-3)/(-6)). Let x(v) = -v**2 - 3*v + 4. Determine x(m).
4
Let h(l) be the third derivative of l**5/60 - 2*l**3/3 + l**2. Suppose 6*d + 1086 = 1068. What is h(d)?
5
Suppose -70 + 90 = -2*l. Let s(q) = q**2 + 11*q. Give s(l).
-10
Let f(b) = -b**2 + 6*b + 4. Let k(u) = -u**2 + u + 15. Suppose -2*n - 2*n = -4*h, -5*n = -2*h. Let w be k(n). Suppose 3*d + 0*d = w. Give f(d).
9
Let x(l) = 3*l**2 - 53*l + 77. Let i be x(16). Let b(f) = f**2 - f - 1. Calculate b(i).
11
Let r(m) = -m - 2. Let z be r(-2). Let w(s) = z*s + 1 - 5*s + 4*s. Let c be w(5). Let t(j) = -j. Calculate t(c).
4
Let l(k) be the first derivative of k**3/3 + 4*k**2 - 5*k + 5. Let q be l(-9). Let j(v) = -q - v**2 - 7*v + 4. Determine j(-5).
10
Let p(s) = 4*s - s - 4*s + 14. Let m be p(12). Let x(a) = -3*a + 49 - 92 + a**2 + 42. Determine x(m).
-3
Let v be ((-42)/(-8))/((-3)/(-16)). Suppose 5*r - r = v. Let f(w) = -w**2 + 4*w - 3*w - 15 + r. Give f(0).
-8
Suppose 6*a = a - 50. Let h(d) = -5*d + 10. Let j(n) = 7*n - 10. Let u(p) = -4*h(p) - 3*j(p). Calculate u(a).
0
Let o(c) = 5*c**2 + 3*c - 10. Let y(f) = f**2 + f - 1. Suppose -13 = 5*a - 43. Let x(p) = a*y(p) - o(p). Let i = -13 - -8. Calculate x(i).
14
Let h(m) be the first derivative of -2*m**2 + m - 12. Let p = -4 - -2. Give h(p).
9
Let w = 36 + -31. Let z(c) = w + 2*c + 4*c - 5*c + 4*c - c**2. Calculate z(6).
-1
Let u(x) = -x**3 - 6*x**2 + x + 4. Let m be u(-6). Let c = -19 + m. Let y be (-9)/c - 4/(-7). Let v(d) = 9*d**2 - d + 1. Give v(y).
9
Let k(c) = -2*c - 6. Let h(n) = 2*n + 7. Let s(d) = -2*h(d) - 3*k(d). Let a be s(-3). Let p(u) = 23*u + 28*u - 96*u + 18*u + 20*u. Determine p(a).
14
Suppose 0*o = o. Suppose 0 = -o*d + 2*d - 6. Let q(g) = -8*g - 3. Let a(x) = 9*x + 3. Let y(f) = -6*a(f) - 7*q(f). What is y(d)?
9
Suppose 5*g = -16 - 14. Let x(v) be the first derivative of v**3/3 + 5*v**2/2 - 35. Give x(g).
6
Let h = -99 + 96. Let t(p) = 4*p + 2. Let w(b) = -2*b - 1. Let y(x) = h*t(x) - 5*